 to base 7
-3162
-3289 (base 10) to base 13
-1660
What is 4210 (base 5) in base 11?
465
Convert 8946 (base 13) to base 15.
5a20
What is 32265 (base 11) in base 12?
23182
What is -100135 (base 7) in base 12?
-992a
What is -85 (base 11) in base 10?
-93
277 (base 11) to base 3
110002
What is 1103321 (base 4) in base 5?
132434
What is 27c (base 13) in base 5?
3231
Convert 9fb (base 16) to base 10.
2555
460 (base 8) to base 5
2204
-503434 (base 6) to base 10
-39694
What is c8a (base 14) in base 16?
9aa
Convert 101200221 (base 3) to base 8.
17171
Convert 2022220110 (base 3) to base 4.
23030202
Convert -5a3 (base 14) to base 4.
-101203
Convert -5752 (base 16) to base 7.
-122113
What is -3033 (base 4) in base 16?
-cf
What is -24516 (base 7) in base 3?
-22211020
Convert 14555 (base 11) to base 6.
235302
What is -2837 (base 16) in base 14?
-3a75
What is 111312 (base 5) in base 4?
331311
What is -210 (base 6) in base 3?
-2220
-137143 (base 8) to base 5
-3024424
-a99 (base 12) to base 14
-7d3
-6486 (base 9) to base 2
-1001010101000
What is -c9 (base 14) in base 12?
-129
What is -6b5c (base 15) in base 16?
-591c
100001101011111 (base 2) to base 11
11a5a
What is -11102 (base 3) in base 4?
-1313
76 (base 8) to base 16
3e
Convert 15521 (base 6) to base 16.
a09
What is -15710 (base 8) in base 13?
-3311
What is -b27 (base 15) in base 13?
-11b3
15210 (base 6) to base 7
10104
What is -1001011100000111 (base 2) in base 3?
-1222000222
Convert 1421 (base 7) to base 4.
20222
What is -12b9 (base 16) in base 7?
-16655
What is 200002 (base 3) in base 11?
404
Convert 572 (base 10) to base 2.
1000111100
What is -422300 (base 5) in base 6?
-145055
166 (base 14) to base 13
190
Convert 6a3 (base 12) to base 10.
987
Convert 27a (base 13) to base 14.
235
Convert -12120121 (base 3) to base 11.
-3067
100220020 (base 3) to base 2
1110000101111
30003 (base 4) to base 10
771
What is 431233 (base 6) in base 2?
1000100111100101
What is -2c47 (base 15) in base 6?
-112021
What is 101100001010 (base 2) in base 5?
42301
Convert 1003 (base 5) to base 6.
332
What is -2944 (base 12) in base 9?
-6527
What is -61 (base 10) in base 2?
-111101
What is -20000 (base 8) in base 9?
-12212
-2735 (base 9) to base 6
-13305
24121 (base 5) to base 7
5131
-35885 (base 10) to base 3
-1211020002
Convert 2451 (base 6) to base 10.
607
-5b7 (base 13) to base 5
-12440
Convert 170274 (base 8) to base 2.
1111000010111100
1001101101 (base 2) to base 15
2b6
What is 5054 (base 6) in base 11?
923
2721 (base 14) to base 7
26041
What is -33523 (base 7) in base 2?
-10000100101110
Convert 100332100 (base 4) to base 8.
207620
5485 (base 11) to base 16
1c40
-2a646 (base 12) to base 11
-40916
Convert -4310 (base 8) to base 15.
-9ed
What is 784 (base 11) in base 3?
1021210
Convert -9aa (base 13) to base 10.
-1661
26050 (base 10) to base 12
130aa
Convert 20141 (base 6) to base 7.
10510
Convert 111000011 (base 2) to base 10.
451
What is 1301 (base 6) in base 4?
11011
-4328 (base 11) to base 15
-1a62
Convert -41221 (base 5) to base 14.
-d9c
What is 1001001011001111 (base 2) in base 5?
2200313
What is 651 (base 10) in base 16?
28b
12905 (base 14) to base 7
250105
Convert -4224 (base 6) to base 15.
-437
Convert -487 (base 9) to base 5.
-3103
Convert -2aa5 (base 15) to base 5.
-243110
-15a (base 13) to base 3
-100001
What is -2310 (base 5) in base 13?
-1c5
Convert -120000 (base 3) to base 15.
-1c0
12230 (base 6) to base 10
1818
Convert -30221 (base 5) to base 6.
-12544
Convert -1665 (base 8) to base 7.
-2524
What is 10221210 (base 3) in base 2?
101101000011
-210301 (base 6) to base 8
-41075
Convert 354 (base 6) to base 10.
142
-133 (base 8) to base 14
-67
What is -2892 (base 10) in base 16?
-b4c
What is 2220021 (base 3) in base 15?
95d
What is 111011010100 (base 2) in base 16?
ed4
Convert -848 (base 13) to base 15.
-642
20146 (base 7) to base 11
3741
-44043 (base 5) to base 3
-11010222
What is -203210 (base 5) in base 2?
-1101000011000
-10b2 (base 15) to base 9
-4765
Convert -12216 (base 7) to base 11.
-2448
Convert -313 (base 12) to base 8.
-677
What is 672 (base 12) in base 16?
3b6
Convert 1a852 (base 11) to base 4.
13010300
Convert 1968 (base 12) to base 2.
110000100000
What is 4305 (base 7) in base 12?
a70
Convert 1222220 (base 3) to base 16.
5af
-111110010001101 (base 2) to base 14
-b897
What is -53831 (base 10) in base 4?
-31021013
-576 (base 9) to base 5
-3344
1024130 (base 5) to base 15
5260
What is 10100011 (base 3) in base 7?
10045
What is 100213 (base 4) in base 2?
10000100111
Convert -1737 (base 10) to base 2.
-11011001001
893 (base 15) to base 7
5436
Convert 30323111 (base 4) to base 13.
1b140
-17b5 (base 14) to base 10
-4275
What is 2489 (base 10) in base 8?
4671
What is -13033123 (base 4) in base 9?
-44614
Convert 2336 (base 9) to base 14.
8bc
Convert -72a8 (base 12) to base 13.
-5906
What is 114203 (base 8) in base 2?
1001100010000011
Convert -4264 (base 15) to base 3.
-201021011
103454 (base 7) to base 5
1034241
Convert 55d (base 15) to base 4.
102331
What is -1531 (base 8) in base 12?
-5b5
1222000 (base 3) to base 16
597
Convert -111301 (base 6) to base 8.
-22265
Convert -12abb (base 15) to base 9.
-101025
-189 (base 16) to base 12
-289
What is -110234 (base 5) in base 16?
-eeb
What is 7358 (base 10) in base 4?
1302332
-24a (base 13) to base 14
-208
What is -31301 (base 4) in base 8?
-1561
245 (base 9) to base 4
3023
24 (base 12) to base 6
44
Convert -1123031 (base 4) to base 7.
-23006
374 (base 10) to base 5
2444
What is 1c7d (base 15) in base 8?
14061
What is 72 (base 15) in base 2?
1101011
Convert 3267 (base 10) to base 15.
e7c
Convert -55 (base 10) to base 15.
-3a
What is 84 (base 11) in base 10?
92
1111000000 (base 2) to base 13
58b
What is 4003 (base 9) in base 2?
101101100111
What is 31120 (base 4) in base 5?
11411
What is -40214 (base 6) in base 2?
-1010010010010
-142 (base 12) to base 8
-302
-1b0 (base 12) to base 3
-101020
What is -121012 (base 3) in base 4?
-12311
-67a3 (base 13) to base 15
-4468
What is 111000110 (base 2) in base 5?
3304
What is 397 (base 10) in base 9?
481
-69 (base 13) to base 5
-322
Convert -22114 (base 12) to base 14.
-12608
Convert -50dc (base 16) to base 12.
-bb90
Convert -2030 (base 14) to base 16.
-159a
-31243 (base 8) to base 4
-3022203
Convert -101110001000011 (base 2) to base 6.
-301203
-252113 (base 6) to base 10
-22509
Convert -1292 (base 13) to base 2.
-101001011110
Convert 71 (base 14) to base 8.
143
What is -102c (base 15) in base 3?
-11200120
What is -18605 (base 11) in base 7?
-135601
What is -122310 (base 4) in base 10?
-1716
Convert 42d9 (base 16) to base 4.
10023121
4410 (base 7) to base 3
2011100
-680 (base 15) to base 16
-5be
8b75 (base 13) to base 12
b377
-110100111010 (base 2) to base 13
-1706
What is -3560 (base 8) in base 13?
-b36
-255343 (base 6) to base 13
-a773
3215 (base 7) to base 11
946
Convert 1011011 (base 2) to base 15.
61
-2520 (base 7) to base 13
-579
2a2 (base 14) to base 8
1026
-20555 (base 6) to base 15
-c72
Convert -519 (base 12) to base 9.
-1013
-13614 (base 9) to base 5
-243442
What is -727 (base 12) in base 13?
-61c
Convert 1100011010110111 (base 2) to base 16.
c6b7
Convert -20f8 (base 16) to base 8.
-20370
Convert 1101001100 (base 2) to base 8.
1514
What is -20f1 (base 16) in base 12?
-4a69
1268 (base 9) to base 14
4c1
What is 10620 (base 8) in base 6?
32452
Convert 110100001 (base 2) to base 4.
12201
13311222 (base 4) to base 2
111110101101010
-132 (base 10) to base 8
-204
Convert -100153 (base 8) to base 15.
-9b1a
Convert 241 (base 12) to base 7.
661
What is -4c5 (base 15) in base 6?
-5005
Convert 395a (base 14) to base 5.
310301
71 (base 13) to base 8
134
What is 209c (base 13) in base 14?
1911
Convert -1328 (base 9) to base 5.
-12443
What is 134313 (base 5) in base 4?
1113033
Convert -105757 (base 8) to base 7.
-206304
What is -a50 (base 14) in base 10?
-2030
Convert -201101 (base 5) to base 14.
-2493
34b (base 12) to base 5
3431
Convert -20ee (base 15) to base 9.
-10508
What is -13332 (base 4) in base 10?
-510
What is 5cd (base 16) in base 14?
781
Convert -21010111 (base 3) to base 14.
-1c73
57475 (base 10) to base 5
3314400
What is -995 (base 10) in base 15?
-465
-20a (base 15) to base 7
-1225
What is -1641 (base 11) in base 2?